= f - a. What are the prime factors of f?
673
Let z(q) be the third derivative of q**5/60 - q**4/4 - q**3/2 - 10*q**2. Let k be z(6). What are the prime factors of (k/2)/((-3)/20)?
2, 5
Let c(z) = 4*z + 26. Let j be c(-6). Suppose 0 = -j*t - 4*i + 30, 3*t - 4*i + 0*i - 85 = 0. What are the prime factors of t?
23
What are the prime factors of 13/((-260)/16) - 5118/(-10)?
7, 73
Let y(s) = 104*s + 396. What are the prime factors of y(28)?
2, 827
Let t(u) = 69*u**3 - u**2 + u - 1. Let v be t(1). Suppose 3*d - 212 = -v. Suppose 2*k - d = -0*k + 2*l, 56 = 3*k + 5*l. List the prime factors of k.
2, 11
Let c(p) = -123*p**3 - 1. Let t(k) = 5*k - 16. Let u be t(3). What are the prime factors of c(u)?
2, 61
Let s(z) = z**3 + 10*z**2 + 17*z - 75. List the prime factors of s(9).
3, 7, 11
Let z = -137 + 89. Let b be z/(-3) + -2 + 1. Suppose 40 = 2*r - 4*v, r + 1 - b = -v. List the prime factors of r.
2
Let u = -779 - -1140. List the prime factors of u.
19
Suppose 2*y = -j + 7, 0*y + 4 = 2*y. Suppose -6*m = -j*m - 396. Suppose 0 = 5*p + 4*s - m, 4*p + 4*s - 104 = -0*p. What are the prime factors of p?
2, 7
Suppose 21*d + 32640 = 37*d. List the prime factors of d.
2, 3, 5, 17
List the prime factors of (4 - 5) + 4 + 54.
3, 19
What are the prime factors of ((-1175)/2)/((-2)/4)?
5, 47
What are the prime factors of 49*(-3)/(27/(-315))?
5, 7
Suppose 0 = 2*h - 276 - 72. Suppose 2*w - h = 2*l, 4*w = -0*w + 3*l + 349. Suppose -2*n - 2*n = -w. What are the prime factors of n?
2, 11
Let g be ((-114)/(-9))/(8/(-12)). Let b = g + 98. List the prime factors of b.
79
Let g(n) = n**3 + 21*n**2 - 19*n + 21. List the prime factors of g(-18).
3, 5, 89
Suppose 0 = -27*i + 24*i + 1350. What are the prime factors of i?
2, 3, 5
Let k = -21 + 22. Let r be (7/(-4))/(k/(-4)). Suppose 9 = -6*q + r*q. What are the prime factors of q?
3
Let o = 509 + -360. What are the prime factors of o?
149
Suppose 32*d - 26456 = 17352. List the prime factors of d.
37
Let u = 867 - -5. What are the prime factors of u?
2, 109
Suppose 65*q + 1695 = 70*q. List the prime factors of q.
3, 113
Let u(q) = -13*q + 1. Let z be u(-3). Let r = 30 + -24. Let v = z - r. List the prime factors of v.
2, 17
Suppose 0 = z + 4*s - 10, -4*z + s + 2 = -2*s. Suppose -z*n + 177 = i, 3*i + 51 - 142 = -n. What are the prime factors of n?
2, 11
Let n(c) = 7*c + 4. Let s be n(3). What are the prime factors of (-165)/s*(-1 - 4)?
3, 11
Suppose 6*i - 31 = -7. Suppose 5*g - 2*r = -i*r + 85, -2*g - 2*r = -40. Suppose 5*s - 69 = -2*n + g, -s = -4*n + 146. List the prime factors of n.
37
Suppose m + 0*m + 143 = 2*h, -146 = m - h. Let l = m + 361. What are the prime factors of l?
2, 53
Let s(z) = -4*z + 3*z + 3 + 10. Let l be s(11). Suppose -3*d - 61 = -v, -l*v + 61 = -3*d - 49. What are the prime factors of v?
7
Suppose f - 2*p = -2*f, 0 = -f + p - 1. Suppose -122 = f*c - 428. List the prime factors of c.
3, 17
List the prime factors of (-1 - 634/8)/(45/(-120)).
2, 107
Let p = 4 - 2. Suppose -p*s = 3*o, 4*o - s = s. Suppose 15 = -3*y, -2*k + 3*k - 5*y - 58 = o. List the prime factors of k.
3, 11
Let n = 164 - -194. List the prime factors of n.
2, 179
Suppose -5*h = 3*k - 781, -5*h - 4*k + 777 = -3*k. Let n = h + 15. Suppose -5*u = 2*i - 53, 4*i - 5*u - n = -19. List the prime factors of i.
2, 17
Let y(c) = 1 - 44*c + 3 + 2 - 82*c. Let k be y(5). What are the prime factors of k/30*5/(-2)?
2, 13
Let y(q) = -q**3 - q - 1. Let i(t) = -44*t**3 - t**2 + 6*t + 2. Let a(m) = -i(m) - 4*y(m). List the prime factors of a(1).
7
Suppose -16 = -i - 5*n, 9 = 2*i + 5*n - 3. Suppose 3*l - 56 = -2*p + 20, -5*l + 3*p = -114. List the prime factors of l + -2*2/i.
5
Suppose -4*w + 21 = -3. Let m = -1 + w. Let q = m - -20. What are the prime factors of q?
5
Let a(l) be the third derivative of 5*l**4/24 + 5*l**3/3 - 4*l**2. Let s be (-2)/3*(-3 + 0)*3. What are the prime factors of a(s)?
2, 5
Suppose 857 = 8*u - 143. What are the prime factors of u?
5
List the prime factors of (-1)/((-3)/(-12)) + 1 + 547.
2, 17
Let t = -1588 - -2312. What are the prime factors of t?
2, 181
Suppose 32*g - 53 = 299. List the prime factors of g.
11
Let j be ((-3)/5)/(1/(-15)). Let h(q) = -q**2 - 1. Let x be h(-3). List the prime factors of x*(j/(-6) - -1).
5
Suppose 5*q = 2*o - 711, 2*q = o - 6*o + 1705. List the prime factors of o.
7
Let h be (4 + -6 - -3)*-1. Let j = 44 - h. List the prime factors of j.
3, 5
List the prime factors of (4465/2)/1 + (-27)/54.
2, 3, 31
Suppose -4*i + 216 = 4*a - i, -2*i + 212 = 4*a. Let r = -17 + a. List the prime factors of r.
2, 17
Suppose -b - 200 = -5*b. Let a = -21 + b. List the prime factors of a.
29
Let h(i) = 104*i - 27. What are the prime factors of h(5)?
17, 29
List the prime factors of (9/(-12))/((-177)/772192).
2, 409
Let v(s) = -3*s - 20. Let m be v(-6). Let k = m + 5. Suppose 0 = -k*b - 5*q + 51, 5*b + 0*q = 4*q + 48. What are the prime factors of b?
2, 3
Suppose -2*n + n - 2 = 0. Let b(l) = -3*l - 11*l - 1 + 4 - 6. List the prime factors of b(n).
5
Suppose 0 = -5*r + r + 12. Suppose 2*z = -3*x + 6, 9 = 4*x + x + r*z. Suppose 2*o + 19 - 59 = x. List the prime factors of o.
2, 5
Suppose 3*x + r = 2509 + 1075, -2*r - 4772 = -4*x. List the prime factors of x.
2, 3, 199
Let x = -36 - 25. Let p be (-10)/35 + (-243)/7. Let f = p - x. What are the prime factors of f?
2, 13
What are the prime factors of (-18)/(-12)*-2 + 690?
3, 229
Let a be 4 + ((-13 + 1)/4 - -1). Suppose -a*l - 2*g = -0*l - 150, 0 = l + 5*g - 79. List the prime factors of l.
2, 37
Let i = 626 - 290. List the prime factors of i.
2, 3, 7
Suppose 13*f - 1693 = 738. Let o = -111 + f. What are the prime factors of o?
2, 19
Let l(n) = -314*n - 301. List the prime factors of l(-7).
7, 271
Let q(p) = -p**3 - 5*p**2 + 7*p - 3. Let r be q(-8). Suppose -137*m - r = -138*m. List the prime factors of m.
7, 19
Suppose 2*m - 910 = -194. List the prime factors of m.
2, 179
Let d be 5 + (-3 - 9/3). What are the prime factors of (3 - 2 - 2)*187/d?
11, 17
Suppose -4*w = 34 + 30. List the prime factors of 35 + 0 + w/4.
31
Suppose -5*c - 3322 - 4128 = -3*y, -5*y - 5*c + 12430 = 0. What are the prime factors of y?
5, 7, 71
Suppose -5 = -u - 2*l, -3*u - 1 = 2*u - 3*l. Let y be u*(4 - (-8)/(-1)). Let f = 55 - y. List the prime factors of f.
59
Suppose -5*d = 2*t - 1485, -3*t + 5*d = t - 2985. What are the prime factors of t?
5, 149
Suppose -3*j + 47 = -235. Let r = j + -13. List the prime factors of r.
3
Let s = 4886 - 2413. List the prime factors of s.
2473
Let x be 3 + (1 - (-2)/(-1)). Let m = 84 + -84. Suppose 2*i - 3*n - 1 = m, -5*n = 2*i - x - 7. What are the prime factors of i?
2
Suppose 0 = 2*c - 12 - 2. Let d be (-3 + 0)/((-3)/27). Let s = d - c. List the prime factors of s.
2, 5
Let w(y) = -11 + 8*y - 15*y + 3*y**2 + y - 13*y. List the prime factors of w(-5).
3, 53
Let t be (105/(-63))/((-1)/3). Suppose t*g - 216 + 36 = 0. List the prime factors of g.
2, 3
Let a(b) = b**2 - 3*b - 4. Let n be a(4). Suppose -5*z + 3*z = 3*v - 57, 4*z + 2*v - 94 = n. What are the prime factors of z?
3, 7
Let r be -4*-1*(-4)/(-8). Suppose -r*d + 3*d = 153. Suppose d = 4*q - 5*n, 4*q + 6*n - 183 = n. List the prime factors of q.
2, 3, 7
Let t(n) = 39*n**3 + 6*n**2 - 26*n + 18. List the prime factors of t(5).
17
Let s = 111 - 98. Let r = 93 - s. List the prime factors of r.
2, 5
Let b = 18 + -8. Let n be (-52)/(-13)*b/8. Suppose -n*m = 3*f - 68, 3*m - 6*m = -2*f - 37. List the prime factors of m.
13
Suppose -2*c = 18*c - 52840. What are the prime factors of c?
2, 1321
Let y = -15 - -470. What are the prime factors of y?
5, 7, 13
Let y = -31 - -25. Let a = y + 13. What are the prime factors of a?
7
Let w(r) = r + 1. Let d(p) = -p**2 + 2*p - 16. Let y(t) = -d(t) - 3*w(t). List the prime factors of y(6).
19
Suppose b - 12 = w, -4*b - 2*w + 33 = -w. Let p(g) = -g**2 + 5*g + 13. Let y be p(b). Let x = 8 - y. List the prime factors of x.
31
Suppose 7*d - 48 = 5*d. Suppose 0 = -5*p + 2*p + d. Let x(k) = 2*k - 12. List the prime factors of x(p).
2
Suppose -99 - 57 = 6*s. Let c = s + 40. List the prime factors of c.
2, 7
Let i(m) = 212*m - 4. Let n be i(-1). What are the prime factors of 2*5/(-10)*n?
2, 3
Let p(v) = -v + 1. Let o be p(-1). Suppose 7*u = 6*u - o. List the prime factors of -5*((-14)/5 + u).
2, 3
Su